t of 554101?
1
What is the units digit of 4592136?
6
What is the hundred thousands digit of 2737752?
7
What is the units digit of 1654101?
1
What is the tens digit of 234182?
8
What is the ten thousands digit of 22908?
2
What is the hundreds digit of 79272?
2
What is the hundred thousands digit of 168907?
1
What is the units digit of 190754?
4
What is the hundred thousands digit of 13963063?
9
What is the thousands digit of 604847?
4
What is the ten thousands digit of 59638?
5
What is the hundred thousands digit of 540864?
5
What is the hundreds digit of 34856466?
4
What is the thousands digit of 2457473?
7
What is the ten thousands digit of 31881?
3
What is the thousands digit of 1565611?
5
What is the hundreds digit of 612855?
8
What is the hundred thousands digit of 185817?
1
What is the units digit of 2285541?
1
What is the ten thousands digit of 1810199?
1
What is the tens digit of 1411928?
2
What is the thousands digit of 147252?
7
What is the ten thousands digit of 2064477?
6
What is the hundreds digit of 55930?
9
What is the thousands digit of 1703539?
3
What is the tens digit of 286005?
0
What is the thousands digit of 17585?
7
What is the units digit of 311953?
3
What is the thousands digit of 2238957?
8
What is the thousands digit of 372897?
2
What is the hundreds digit of 7150073?
0
What is the ten thousands digit of 10319749?
1
What is the hundred thousands digit of 212634?
2
What is the units digit of 882173?
3
What is the thousands digit of 6432649?
2
What is the hundred thousands digit of 864272?
8
What is the units digit of 2570632?
2
What is the tens digit of 1593692?
9
What is the hundred thousands digit of 509236?
5
What is the hundred thousands digit of 8562013?
5
What is the hundred thousands digit of 2242344?
2
What is the ten thousands digit of 7041108?
4
What is the ten thousands digit of 4058053?
5
What is the ten millions digit of 36433927?
3
What is the millions digit of 6158702?
6
What is the thousands digit of 494437?
4
What is the units digit of 94092?
2
What is the ten thousands digit of 490453?
9
What is the thousands digit of 2429826?
9
What is the units digit of 5373309?
9
What is the thousands digit of 11676272?
6
What is the tens digit of 10604839?
3
What is the units digit of 286455?
5
What is the thousands digit of 38616899?
6
What is the hundred thousands digit of 718894?
7
What is the units digit of 1155495?
5
What is the hundred thousands digit of 614209?
6
What is the hundred thousands digit of 857429?
8
What is the ten thousands digit of 779665?
7
What is the hundreds digit of 15013512?
5
What is the tens digit of 1427881?
8
What is the hundred thousands digit of 184390?
1
What is the ten thousands digit of 2794345?
9
What is the hundreds digit of 6758796?
7
What is the units digit of 359674?
4
What is the ten thousands digit of 972571?
7
What is the thousands digit of 66802?
6
What is the ten thousands digit of 373630?
7
What is the hundreds digit of 154317?
3
What is the hundred thousands digit of 869671?
8
What is the units digit of 54388?
8
What is the hundreds digit of 1941039?
0
What is the units digit of 603630?
0
What is the units digit of 331927?
7
What is the units digit of 179659?
9
What is the tens digit of 21173016?
1
What is the tens digit of 887404?
0
What is the hundreds digit of 213899?
8
What is the units digit of 109538?
8
What is the ten millions digit of 21348527?
2
What is the tens digit of 19809700?
0
What is the thousands digit of 36652?
6
What is the thousands digit of 627762?
7
What is the tens digit of 45059332?
3
What is the thousands digit of 1380065?
0
What is the thousands digit of 1423651?
3
What is the units digit of 260254?
4
What is the units digit of 46131?
1
What is the ten thousands digit of 1048757?
4
What is the thousands digit of 16759376?
9
What is the units digit of 28329?
9
What is the units digit of 9723272?
2
What is the millions digit of 2557489?
2
What is the hundred thousands digit of 141191?
1
What is the hundred thousands digit of 249948?
2
What is the hundreds digit of 2531790?
7
What is the tens digit of 9339?
3
What is the thousands digit of 155285?
5
What is the hundred thousands digit of 1187136?
1
What is the hundreds digit of 934489?
4
What is the ten thousands digit of 175895?
7
What is the hundreds digit of 1611425?
4
What is the ten thousands digit of 2673133?
7
What is the ten thousands digit of 105434?
0
What is the millions digit of 3786992?
3
What is the millions digit of 2276872?
2
What is the units digit of 28877096?
6
What is the thousands digit of 4377651?
7
What is the hundred thousands digit of 248459?
2
What is the hundred thousands digit of 264744?
2
What is the thousands digit of 18602795?
2
What is the tens digit of 547571?
7
What is the hundred thousands digit of 239070?
2
What is the tens digit of 5526326?
2
What is the units digit of 90398?
8
What is the hundred thousands digit of 14960703?
9
What is the millions digit of 3592415?
3
What is the ten thousands digit of 352022?
5
What is the hundred thousands digit of 17169752?
1
What is the ten thousands digit of 2761362?
6
What is the ten thousands digit of 811151?
1
What is the hundreds digit of 322144?
1
What is the millions digit of 10052079?
0
What is the hundred thousands digit of 2031194?
0
What is the hundreds digit of 323375?
3
What is the ten millions digit of 16483879?
1
What is the thousands digit of 874692?
4
What is the ten millions digit of 10565935?
1
What is the hundred thousands digit of 191963?
1
What is the hundred thousands digit of 6330197?
3
What is the hundreds digit of 125891?
8
What is the hundreds digit of 305960?
9
What is the thousands digit of 4036954?
6
What is the ten thousands digit of 1536182?
3
What is the ten thousands digit of 2829412?
2
What is the millions digit of 5792201?
5
What is the units digit of 1139593?
3
What is the hundred thousands digit of 396615?
3
What is the hundred thousands digit of 467102?
4
What is the millions digit of 1576616?
1
What is the millions digit of 1652590?
1
What is the hundreds digit of 318098?
0
What is the hundreds digit of 4829?
8
What is the thousands digit of 2702860?
2
What is the ten millions digit of 18695680?
1
What is the tens digit of 326739?
3
What is the hundred thousands digit of 16267107?
2
What is the units digit of 716345?
5
What is the tens digit of 3780126?
2
What is the thousands digit of 127323?
7
What is the units digit of 820187?
7
What is the thousands digit of 4005344?
5
What is the thousands digit of 200749?
0
What is the hundreds digit of 1622506?
5
What is the tens digit of 1412283?
8
What is the thousands digit of 851121?
1
What is the millions digit of 2760825?
2
What is the hundred thousands digit of 1713878?
7
What is the ten thousands digit of 442590?
4
What is the ten thousands digit of 18536?
1
What is the units digit of 238561?
1
What is the thousands digit of 223641?
3
What is the hundred thousands digit of 2369629?
3
What is the millions digit of 4297950?
4
What is the units digit of 180251?
1
What is the thousands digit of 908873?
8
What is the thousands digit of 248217?
8
What is the tens digit of 1223819?
1
What is the ten millions digit of 27541297?
2
What is the units digit of 517580?
0
What is the thousands digit of 2849017?
9
What is the hundred thousands digit of 1410705?
4
What is the ten thousands digit of 853409?
5
What is the thousands digit of 201917?
1
What is the tens digit of 259195?
9
What is the hundreds digit of 20969480?
4
What is the hundred thousands digit of 4907665?
9
What is the hundred thousands digit of 21604982?
6
What is the tens digit of 1670634?
3
What is the ten millions digit of 27674378?
2
What is the ten thousands digit of 5402447?
0
What is the hundreds digit of 2472113?
1
What is the thousands digit of 10633700?
3
What is the tens digit of 338371?
7
What is the tens digit of 487392?
9
What is the ten thousands digit of 238083?
3
What is the units digit of 48762?
2
What is the hundreds digit of 720747?
7
What is the units digit of 409683?
3
What is the tens digit of 12164384?
8
What is the units digit of 838787?
7
What is the hundreds digit of 278615?
6
What is the hundreds digit of 63525?
5
What is the units digit of 61885?
5
